0, -4*z - v + j = -0*v. What is the highest common divisor of z and q?
19
Let m = -35 + 39. Let t(q) = q. Let b be t(2). Suppose -4*s + 0 = -3*r - 2, -b*r + 2*s = 0. What is the highest common factor of r and m?
2
Let l = -37 + 46. Let f be (2 - -1)/(l/(-114)). Let n be f/(-4) + 12/(-8). Calculate the highest common factor of 2 and n.
2
Let s be (-1 - 1)/((-22)/(-33)). Let l be 0 - (-13 + 3 + s). What is the greatest common factor of 104 and l?
13
Let x = -219 + 227. What is the highest common divisor of x and 8?
8
Suppose 2*z + 144 = 4*z. Suppose d + 3*d - z = 0. Let s be ((-1)/2)/(3/(-162)). What is the greatest common factor of s and d?
9
Suppose -5*f - 12 = -5*i - 2, -5*i + 13 = -4*f. Let n(q) = -5*q + 31. Let s be n(i). Calculate the highest common divisor of 30 and s.
6
Let v be ((-29)/3)/(6/(-18)). Suppose 3*n - 18 = n + 4*d, -3*n + v = -4*d. What is the greatest common factor of 99 and n?
11
Let h be (16/4)/1 + -2. Suppose h*s - 12 = -6. Calculate the highest common divisor of 6 and s.
3
Suppose -10*d + 17*d - 252 = 0. Calculate the highest common factor of 27 and d.
9
Let v be (18/(-12))/(-2*(-5)/(-40)). Let u = 0 - 0. Suppose u*r - 4*r = -5*b - 143, -52 = -r - 2*b. What is the greatest common divisor of r and v?
6
Let l(m) = 5*m**2 - 136*m - 48. Let i be l(28). What is the greatest common factor of i and 608?
32
Let g(y) = y + 1. Let n be g(0). Let b be (-7)/(n - 14/13). Suppose 5*r = -20, -18*r + 19*r = -d + 9. Calculate the highest common divisor of d and b.
13
Suppose -3*m - m = 64. Let q be 157/4 + (-12)/m. Let u be 8/10*(-25)/(-2). Calculate the highest common factor of u and q.
10
Let w = -9 + 3. Let d = w + 2. Let g be (-1)/d + 249/12. Calculate the greatest common divisor of 63 and g.
21
Suppose -110 = -q + 30. Let k be (-1640)/(-30) + ((-112)/12)/(-7). Calculate the greatest common factor of k and q.
28
Let y = 53 - -6. Suppose -4*r + y = -17. Let f = -11 - -30. Calculate the greatest common factor of f and r.
19
Let a be 5/2 - (9 + (-286)/4). Calculate the highest common divisor of a and 208.
13
Suppose 0 = 26*d + 19*d - 9360. Calculate the highest common divisor of 128 and d.
16
Let i be 13*(-9 + 2 + 0 - -8). Suppose -4*h - h + 845 = 0. What is the highest common factor of i and h?
13
Suppose 4*x + q = 896, -197 - 27 = -x + 2*q. What is the greatest common divisor of x and 14?
14
Let s(z) = 3*z - 4. Let a be s(5). Let y(k) = -k**2 + 10*k + 3. Let q be y(a). Let v be (q/(-5))/((-2)/(-15)). What is the greatest common factor of v and 30?
6
Let t(d) = d**2 - 7*d + 10. Let i be t(12). Calculate the highest common divisor of i and 98.
14
Let a be (-1 + -1 + 3)*43. What is the highest common divisor of 215 and a?
43
Suppose -q + 13 - 11 = 0. Suppose -q*p - 21 = 4*b - 3*p, 5*p - 13 = -3*b. Let j be b + (-125)/3*-3. Calculate the greatest common divisor of 11 and j.
11
Let u(s) = -2*s**2 + 14*s. Let x(i) = -i**3 - 9*i**2 - 13*i + 13. Let t be x(-7). Let f be u(t). What is the greatest common divisor of 6 and f?
6
Let b be -1 + 6 + -2 - 1. Suppose -s = -5*q + 12 + 3, 0 = b*q - 8. Let c = s - 1. What is the highest common factor of c and 6?
2
Let g(p) = -p**2 - 14*p - 6. Let x be g(-8). Let w = -11 + x. Let c = 33 - w. Calculate the highest common divisor of 2 and c.
2
Let t = 22 - 15. Let w = -2142 + 1264. Let s be (-4)/(-18) - w/18. Calculate the greatest common factor of s and t.
7
Let h(t) = 4*t**3 - t**2 + 2*t. Let x be h(2). Let i be x/(-12)*42/(-8). Suppose -93*y = -104*y + 1078. What is the greatest common factor of i and y?
14
Suppose -5*d = -7 - 8. Suppose -5*p = 5*k - 140, -d*k + p = -0*p - 72. Let i = k - 15. What is the highest common divisor of i and 5?
5
Let l = 75 - 72. Suppose 3*k = 3*n + 78, n + l*n = 3*k - 82. What is the greatest common divisor of k and 22?
22
Suppose 6*h = 4*h - 4. Let t be 2 - (-4 + h - -3 - 14). Calculate the greatest common divisor of 19 and t.
19
Suppose -62 = -4*n + 2*u, 14 = -4*u + 26. Calculate the highest common divisor of 8 and n.
1
Let y(z) = -94*z**2 + 5*z - 4. Let l be y(1). Let q = -45 - l. Calculate the greatest common divisor of q and 6.
6
Suppose 296 = 9*x + 26. Calculate the greatest common divisor of x and 330.
30
Let z(x) = -298*x**3 - 4*x**2 - x + 2. Let v be z(-1). What is the greatest common divisor of 9 and v?
9
Let t be 2 - (1 + 1 + -5). Let y = 528 + -488. Calculate the greatest common factor of y and t.
5
Suppose -123 - 57 = 5*k. Let w be -338*(16/4 + k/8). What is the greatest common divisor of w and 13?
13
Let g = 403 + -223. What is the highest common factor of g and 20?
20
Let o(r) = 2*r**2 - 15*r - 16. Let f be o(13). Suppose 5*u + 0*x - f = 2*x, 0 = 4*x - 16. Let z = -17 + u. What is the highest common factor of 80 and z?
10
Suppose 4 = d + 13. Let n(p) = 4*p - 20. Let f be n(d). Let w be (-2)/(-7) - 1496/f. What is the greatest common factor of 3 and w?
3
Let g(p) = -33*p - 15. Let b be g(-3). Calculate the highest common factor of b and 24.
12
Let h(g) = -9*g - 16. Let s be h(-6). Calculate the highest common divisor of s and 16.
2
Let t = 38 + -26. Suppose 2*g + g = -5*a + 729, -4*g + t = 0. Let c = 185 - 169. Calculate the highest common divisor of a and c.
16
Suppose -3*l + 61 - 6 = -2*h, 0 = 5*l + 5*h - 50. Calculate the greatest common divisor of l and 30.
15
Let l = 20 - 7. Suppose -3*r - 2*h - 462 = 0, 5*r + 419 = 5*h - 326. Let v = r - -243. What is the highest common factor of l and v?
13
Let r(p) be the first derivative of -4*p**4 - 5. Let k be r(-1). Calculate the greatest common divisor of 16 and k.
16
Let x = 52 + -75. Let j be (x/(-2))/(10/180). Calculate the highest common factor of j and 23.
23
Let m(v) = 4*v**3 - 15*v**2 + 5*v - 5. Let u be m(5). What is the highest common factor of 40 and u?
5
Suppose 3*y = -5*d + 120, -2*d = -4*d - y + 47. Suppose -12*n + 8*n + 120 = 0. Suppose 9 - n = -k. Calculate the greatest common factor of d and k.
21
Let s(f) = 3*f**2 + 5*f + 4. Let k be s(-5). Let g be (72/28)/((-166)/28 - -6). What is the greatest common factor of g and k?
18
Suppose 0 = q + 3*q. Suppose -z = 2*f - q*z - 24, -2*f = -5*z. Let w = 61 + -36. Calculate the highest common divisor of w and f.
5
Let i be (6/12)/((-1)/(-8)). Let a = i - -12. What is the greatest common divisor of 24 and a?
8
Suppose 8*t - r + 30 = 11*t, -t - 3*r + 18 = 0. What is the greatest common divisor of t and 57?
3
Let q be 2 - (0 + -1) - (-17 + -20). What is the highest common divisor of 72 and q?
8
Suppose 5*n - z = 583, -4*n - 229 = -2*z - 693. Let u(b) = -777*b + 786. Let m be u(1). What is the greatest common divisor of n and m?
9
Let z = 32 - 29. Let i be (-122)/(-10) + z/(-15). What is the greatest common divisor of 2 and i?
2
Suppose 46*g + 43440 = 106*g. What is the greatest common divisor of 4 and g?
4
Let c = 1 - 1. Suppose 0 = 2*h + 4*z + 104, -z + 0 - 1 = c. Let l = 70 + h. What is the highest common factor of 4 and l?
4
Let f be 1 + (27/3 - 3). Suppose -f*t - 6 = -9*t. Suppose -t*d + 336 = d. What is the highest common factor of d and 12?
12
Let c(p) = 115*p - 728. Let r be c(8). Calculate the highest common factor of r and 48.
48
Suppose -21*m = -17*m - 268. Calculate the highest common factor of 536 and m.
67
Let r be -3 + 12/3 - -14. Let w be r/(-2 - -7) - -10. Calculate the highest common divisor of w and 104.
13
Suppose -3*c - 2*c - 5*w = -125, 0 = -3*c + 5*w + 51. Calculate the highest common factor of 143 and c.
11
Suppose -4 = 9*v + 23. Let o(x) = -x**3 - 2*x**2 + 4*x + 4. Let u be o(v). Calculate the highest common factor of 1 and u.
1
Suppose -299*g + 292*g = -546. Calculate the highest common divisor of g and 24.
6
Let c = -89 - -125. Calculate the greatest common factor of c and 8.
4
Suppose 0 = -4*z + 327 + 345. Suppose -m = -88 - 152. Let a = m - z. What is the highest common divisor of a and 9?
9
Let q be -9*(3 + (-28)/12)/(-2). Suppose -7*w + q*w + 180 = 0. What is the highest common divisor of w and 18?
9
Suppose 10 = -2*h - 0. Let g be 25/h*-1 + -2. Suppose -2*a + 33 = l, 2*l = 5*a - 2*l - 63. What is the highest common divisor of a and g?
3
Let p(b) = 44*b + 1. Suppose 2*u - 5 = -3*u. Let l be p(u). Let m be l*(-2 + 3)/1. Calculate the highest common divisor of 9 and m.
9
Let n(u) = 2*u**2 + u + 2. Let c be n(3). Let q = c + -4. Wh